
7
What is the hundreds digit of 65007?
0
What is the hundreds digit of 1775?
7
What is the units digit of 367?
7
What is the tens digit of 3738?
3
What is the units digit of 346?
6
What is the thousands digit of 44046?
4
What is the units digit of 333?
3
What is the thousands digit of 73078?
3
What is the thousands digit of 10512?
0
What is the units digit of 484?
4
What is the units digit of 16085?
5
What is the units digit of 89046?
6
What is the thousands digit of 21718?
1
What is the ten thousands digit of 113893?
1
What is the units digit of 1271?
1
What is the hundreds digit of 9503?
5
What is the hundreds digit of 275?
2
What is the units digit of 1072?
2
What is the hundreds digit of 1757?
7
What is the units digit of 295?
5
What is the ten thousands digit of 13611?
1
What is the thousands digit of 3921?
3
What is the hundreds digit of 791?
7
What is the tens digit of 3828?
2
What is the hundreds digit of 2266?
2
What is the tens digit of 66?
6
What is the hundred thousands digit of 174372?
1
What is the tens digit of 4337?
3
What is the units digit of 85480?
0
What is the hundreds digit of 922?
9
What is the tens digit of 2393?
9
What is the hundreds digit of 449?
4
What is the hundreds digit of 5133?
1
What is the hundreds digit of 36083?
0
What is the tens digit of 5231?
3
What is the ten thousands digit of 18288?
1
What is the units digit of 54260?
0
What is the tens digit of 54794?
9
What is the tens digit of 458?
5
What is the hundreds digit of 31463?
4
What is the thousands digit of 76139?
6
What is the units digit of 122834?
4
What is the tens digit of 49498?
9
What is the thousands digit of 28887?
8
What is the thousands digit of 29824?
9
What is the hundreds digit of 1668?
6
What is the tens digit of 40284?
8
What is the hundreds digit of 11530?
5
What is the units digit of 7942?
2
What is the hundreds digit of 16271?
2
What is the hundreds digit of 18009?
0
What is the units digit of 2425?
5
What is the thousands digit of 2164?
2
What is the units digit of 3539?
9
What is the hundreds digit of 265?
2
What is the units digit of 3615?
5
What is the tens digit of 3721?
2
What is the units digit of 3017?
7
What is the tens digit of 1913?
1
What is the units digit of 484?
4
What is the units digit of 471?
1
What is the hundreds digit of 20480?
4
What is the hundreds digit of 5352?
3
What is the tens digit of 61396?
9
What is the hundreds digit of 10212?
2
What is the tens digit of 66064?
6
What is the ten thousands digit of 33742?
3
What is the hundreds digit of 944?
9
What is the thousands digit of 45879?
5
What is the thousands digit of 55488?
5
What is the ten thousands digit of 13289?
1
What is the tens digit of 505?
0
What is the hundreds digit of 9317?
3
What is the units digit of 5426?
6
What is the units digit of 137946?
6
What is the tens digit of 16175?
7
What is the thousands digit of 19849?
9
What is the units digit of 4950?
0
What is the hundreds digit of 9445?
4
What is the hundreds digit of 10554?
5
What is the units digit of 44462?
2
What is the hundreds digit of 79895?
8
What is the hundreds digit of 8901?
9
What is the ten thousands digit of 45365?
4
What is the units digit of 3605?
5
What is the thousands digit of 24696?
4
What is the units digit of 3094?
4
What is the thousands digit of 7222?
7
What is the units digit of 137?
7
What is the tens digit of 3577?
7
What is the tens digit of 3559?
5
What is the thousands digit of 3289?
3
What is the hundreds digit of 54551?
5
What is the units digit of 1036?
6
What is the ten thousands digit of 78231?
7
What is the hundreds digit of 18994?
9
What is the units digit of 162?
2
What is the thousands digit of 2186?
2
What is the thousands digit of 2848?
2
What is the hundreds digit of 3080?
0
What is the thousands digit of 3801?
3
What is the hundreds digit of 21365?
3
What is the tens digit of 63207?
0
What is the tens digit of 5038?
3
What is the units digit of 3624?
4
What is the hundred thousands digit of 163632?
1
What is the units digit of 1828?
8
What is the hundreds digit of 475?
4
What is the thousands digit of 9603?
9
What is the hundreds digit of 2722?
7
What is the tens digit of 4541?
4
What is the units digit of 1695?
5
What is the units digit of 1024?
4
What is the thousands digit of 5202?
5
What is the units digit of 169?
9
What is the thousands digit of 10799?
0
What is the units digit of 39261?
1
What is the units digit of 317?
7
What is the tens digit of 72540?
4
What is the ten thousands digit of 154105?
5
What is the tens digit of 722?
2
What is the thousands digit of 1562?
1
What is the thousands digit of 43455?
3
What is the hundreds digit of 8654?
6
What is the units digit of 234?
4
What is the hundreds digit of 61302?
3
What is the hundreds digit of 6019?
0
What is the thousands digit of 46792?
6
What is the tens digit of 24773?
7
What is the hundreds digit of 25268?
2
What is the units digit of 486?
6
What is the units digit of 10961?
1
What is the thousands digit of 2377?
2
What is the units digit of 17820?
0
What is the thousands digit of 24098?
4
What is the thousands digit of 1953?
1
What is the thousands digit of 3518?
3
What is the tens digit of 9456?
5
What is the tens digit of 1097?
9
What is the tens digit of 3068?
6
What is the units digit of 1657?
7
What is the units digit of 2184?
4
What is the units digit of 129923?
3
What is the hundreds digit of 330?
3
What is the thousands digit of 7368?
7
What is the tens digit of 38030?
3
What is the tens digit of 29287?
8
What is the ten thousands digit of 17693?
1
What is the thousands digit of 4211?
4
What is the ten thousands digit of 14506?
1
What is the tens digit of 1064?
6
What is the hundreds digit of 5136?
1
What is the tens digit of 943?
4
What is the tens digit of 35001?
0
What is the hundreds digit of 13519?
5
What is the ten thousands digit of 35112?
3
What is the thousands digit of 66391?
6
What is the hundreds digit of 352?
3
What is the hundreds digit of 1993?
9
What is the ten thousands digit of 35482?
3
What is the tens digit of 5906?
0
What is the tens digit of 498?
9
What is the units digit of 26946?
6
What is the hundreds digit of 1589?
5
What is the tens digit of 13420?
2
What is the hundreds digit of 679?
6
What is the hundreds digit of 3182?
1
What is the units digit of 2373?
3
What is the tens digit of 23582?
8
What is the thousands digit of 3523?
3
What is the units digit of 3942?
2
What is the units digit of 20314?
4
What is the tens digit of 927?
2
What is the ten thousands digit of 48618?
4
What is the tens digit of 1371?
7
What is the tens digit of 6072?
7
What is the units digit of 6098?
8
What is the hundreds digit of 7376?
3
What is the thousands digit of 135655?
5
What is the ten thousands digit of 62460?
6
What is the units digit of 4545?
5
What is the hundreds digit of 691?
6
What is the tens digit of 8274?
7
What is the thousands digit of 3170?
3
What is the hundreds digit of 776?
7
What is the hundreds digit of 97994?
9
What is the hundreds digit of 662?
6
What is the thousands digit of 5500?
5
What is the units digit of 645?
5
What is the units digit of 719?
9
What is the hundreds digit of 1389?
3
What is the thousands digit of 7102?
7
What is the hundreds digit of 5409?
4
What is the units digit of 7322?
2
What is the hundreds digit of 27282?
2
What is the hundreds digit of 94010?
0
What is the ten thousands digit of 112956?
1
What is the units digit of 41565?
5
What is the ten thousands digit of 15295?
1
What is the hundreds digit of 6173?
1
What is the units digit of 2896?
6
What is the tens digit of 53966?
6
What is the tens digit of 6696?
9
What is the ten thousands digit of 55944?
5
What is the thousands digit of 91586?
1
What is the units digit of 5632?
2
What is the thousands digit of 11400?
1
What is the units digit of 5030?
0
What is the units digit of 187040?
0
What is the units digit of 16849?
9
What is the units digit of 6134?
4
What is the tens digit of 6191?
9
What is the thousands digit of 171207?
1
What is the hundreds digit of 2005?
0
What is the units digit of 773?
3
What is the units digit of 1017?
7
What is the tens digit of 6160?
6
What is the units digit of 455?
5
What is the hundreds digit of 22395?
3
What is the tens digit 